{"id":465,"date":"2023-11-23T22:22:48","date_gmt":"2023-11-24T01:22:48","guid":{"rendered":"https:\/\/agropecuariaterrafertil.com.br\/?post_type=product&#038;p=465"},"modified":"2023-11-23T22:22:48","modified_gmt":"2023-11-24T01:22:48","slug":"smartphone-samsung-galaxy-s23-ultra-5g-256gb-12gb-ram","status":"publish","type":"product","link":"https:\/\/www.agropecuariaterrafertil.com.br\/?product=smartphone-samsung-galaxy-s23-ultra-5g-256gb-12gb-ram","title":{"rendered":"Smartphone Samsung Galaxy S23 Ultra 5G, 256GB, 12GB RAM"},"content":{"rendered":"<p>O Galaxy S23 Ultra 5G da Samsung foi projetado para que o usu\u00e1rio tenha uma experi\u00eancia premium. Ele oferece ferramentas com a mais alta tecnologia que o diferencia de qualquer outro aparelho, principalmente quando se fala em fotografia. Come\u00e7ando pelo sensor de 200 MP, que captura momentos extraordin\u00e1rios com incr\u00edvel precis\u00e3o, e permite um corte na imagem praticamente sem perda de qualidade. Al\u00e9m disso, as fotos noturnas est\u00e3o ainda mais n\u00edtidas e detalhadas.<\/p>\n<p>E n\u00e3o precisa ter nenhum conhecimento aprimorado para conseguir boas fotos, o Galaxy S23 Ultra 5G permite que uma pessoa de qualquer n\u00edvel consiga capturar imagens fenomenais de forma f\u00e1cil. E tudo gra\u00e7as a ajuda de uma Intelig\u00eancia Artificial (IA).<br \/>\nEle vem com o processador Snapdragon 8 Gen 2 for Galaxy, que garante sua alta capacidade de processamento. De cara voc\u00ea vai perceber a diferen\u00e7a nos jogos, com mais poder de processamento e com capacidade de reproduzir gr\u00e1ficos em maior qualidade. Agora suas sess\u00f5es prolongadas de jogos seguir\u00e3o sem travamentos.<\/p>\n<p>O Galaxy S23 Ultra 5G traz uma caneta S Pen embutida, j\u00e1 conhecida pelos f\u00e3s da linha Galaxy S, oferecendo muitas possibilidades de produtividade, tomada de notas e muito mais.<\/p>\n","protected":false},"excerpt":{"rendered":"<p>O Galaxy S23 Ultra 5G da Samsung foi projetado para que o usu\u00e1rio tenha uma experi\u00eancia premium. Ele oferece ferramentas com a mais alta tecnologia que o diferencia de qualquer outro aparelho, principalmente quando se fala em fotografia. Come\u00e7ando pelo sensor de 200 MP, que captura momentos extraordin\u00e1rios com incr\u00edvel precis\u00e3o, e permite um corte [&hellip;]<\/p>\n","protected":false},"featured_media":466,"comment_status":"open","ping_status":"closed","template":"","meta":[],"product_brand":[],"product_cat":[30,29],"product_tag":[],"class_list":{"0":"post-465","1":"product","2":"type-product","3":"status-publish","4":"has-post-thumbnail","6":"product_cat-samsung","7":"product_cat-smartphones","9":"first","10":"instock","11":"taxable","12":"shipping-taxable","13":"purchasable","14":"product-type-simple"},"_links":{"self":[{"href":"https:\/\/www.agropecuariaterrafertil.com.br\/index.php?rest_route=\/wp\/v2\/product\/465","targetHints":{"allow":["GET"]}}],"collection":[{"href":"https:\/\/www.agropecuariaterrafertil.com.br\/index.php?rest_route=\/wp\/v2\/product"}],"about":[{"href":"https:\/\/www.agropecuariaterrafertil.com.br\/index.php?rest_route=\/wp\/v2\/types\/product"}],"replies":[{"embeddable":true,"href":"https:\/\/www.agropecuariaterrafertil.com.br\/index.php?rest_route=%2Fwp%2Fv2%2Fcomments&post=465"}],"wp:featuredmedia":[{"embeddable":true,"href":"https:\/\/www.agropecuariaterrafertil.com.br\/index.php?rest_route=\/wp\/v2\/media\/466"}],"wp:attachment":[{"href":"https:\/\/www.agropecuariaterrafertil.com.br\/index.php?rest_route=%2Fwp%2Fv2%2Fmedia&parent=465"}],"wp:term":[{"taxonomy":"product_brand","embeddable":true,"href":"https:\/\/www.agropecuariaterrafertil.com.br\/index.php?rest_route=%2Fwp%2Fv2%2Fproduct_brand&post=465"},{"taxonomy":"product_cat","embeddable":true,"href":"https:\/\/www.agropecuariaterrafertil.com.br\/index.php?rest_route=%2Fwp%2Fv2%2Fproduct_cat&post=465"},{"taxonomy":"product_tag","embeddable":true,"href":"https:\/\/www.agropecuariaterrafertil.com.br\/index.php?rest_route=%2Fwp%2Fv2%2Fproduct_tag&post=465"}],"curies":[{"name":"wp","href":"https:\/\/api.w.org\/{rel}","templated":true}]}}