{"id":456,"date":"2023-11-23T22:10:58","date_gmt":"2023-11-24T01:10:58","guid":{"rendered":"https:\/\/agropecuariaterrafertil.com.br\/?post_type=product&#038;p=456"},"modified":"2023-11-23T22:11:14","modified_gmt":"2023-11-24T01:11:14","slug":"console-playstation-5-sony-controle-sem-fio-dualsense-branco","status":"publish","type":"product","link":"https:\/\/www.agropecuariaterrafertil.com.br\/?product=console-playstation-5-sony-controle-sem-fio-dualsense-branco","title":{"rendered":"Console Playstation 5 Sony, Controle sem fio DualSense, Branco"},"content":{"rendered":"<p><strong>Console Sony Playstation 5<\/strong><\/p>\n<p><strong>Jogar no PS5 N\u00e3o Tem Limites<\/strong><br \/>\nDesfrute do carregamento do seu PS5, extremamente r\u00e1pido com o SSD de alt\u00edssima velocidade, uma imers\u00e3o mais profunda com suporte a feedback t\u00e1til, gatilhos adapt\u00e1veis e \u00e1udio 3D, al\u00e9m de uma gera\u00e7\u00e3o in\u00e9dita de jogos incr\u00edveis para PlayStation.<\/p>\n<ul>\n<li>Veloz como um raio, SSD ultrarr\u00e1pido<br \/>\nDomine o poder de uma CPU e GPU personalizadas e o SSD com E\/S integradas que redefinem as regras do que o console PlayStation pode fazer.Maximize suas sess\u00f5es de jogo com tempo de carregamento praticamente instant\u00e2neo para jogos do PS5 instalados.<\/li>\n<li>Jogos impressionantes para PS5<br \/>\nMaravilhe-se com os gr\u00e1ficos incr\u00edveis e experimente os recursos do novo PS5. &#8220;Ray Tracing&#8221; (Rastreamento de raios) Mergulhe em mundos com um n\u00edvel in\u00e9dito de realismo enquanto os raios de luz s\u00e3o simulados individualmente, criando sombras e reflexos realistas em jogos compat\u00edveis com Playstation 5. Jogos para TVs 4K Curta seus jogos favoritos do PS5 na sua incr\u00edvel TV 4K. At\u00e9 120 fps com sa\u00edda em 120 Hz Desfrute da fluidez e taxa de quadros de at\u00e9 120 fps em jogos compat\u00edveis, com suporte a sa\u00edda de 120 Hz em telas 4K.<\/li>\n<li>Tecnologia HDR<br \/>\nCom uma TV HDR, os jogos compat\u00edveis do PS5 exibem uma variedade de cores inacreditavelmente vibrantes e realistas. Sa\u00edda em 8K Os consoles PS5 oferecem suporte \u00e0 sa\u00edda 8K, para que voc\u00ea possa jogar na sua tela com resolu\u00e7\u00e3o de 4320p.<\/li>\n<li>Tempest 3D AudioTech<br \/>\nMergulhe em palcos sonoros que far\u00e3o voc\u00ea acreditar que os sons est\u00e3o vindo de todas as dire\u00e7\u00f5es. Seja com seus fones de ouvido ou os alto-falantes de sua TV, seu ambiente ganhar\u00e1 vida com o Tempest 3D AudioTech em jogos compat\u00edveis.<\/li>\n<li>Resposta t\u00e1til<br \/>\nExperimente a resposta t\u00e1til com o controle sem fio DualSense em jogos selecionados do PS5 e sinta o impacto de suas a\u00e7\u00f5es no jogo atrav\u00e9s da resposta sensorial din\u00e2mica.<\/li>\n<li>Gatilhos adapt\u00e1veis<br \/>\nAssuma o controle com os imersivos gatilhos adapt\u00e1veis, agora com n\u00edveis din\u00e2micos de resist\u00eancia que simulam o impacto f\u00edsico das atividades em jogos selecionados do PS5.<\/li>\n<\/ul>\n","protected":false},"excerpt":{"rendered":"<p>Console Sony Playstation 5 Jogar no PS5 N\u00e3o Tem Limites Desfrute do carregamento do seu PS5, extremamente r\u00e1pido com o SSD de alt\u00edssima velocidade, uma imers\u00e3o mais profunda com suporte a feedback t\u00e1til, gatilhos adapt\u00e1veis e \u00e1udio 3D, al\u00e9m de uma gera\u00e7\u00e3o in\u00e9dita de jogos incr\u00edveis para PlayStation. Veloz como um raio, SSD ultrarr\u00e1pido Domine [&hellip;]<\/p>\n","protected":false},"featured_media":457,"comment_status":"open","ping_status":"closed","template":"","meta":[],"product_brand":[],"product_cat":[26,27],"product_tag":[],"class_list":{"0":"post-456","1":"product","2":"type-product","3":"status-publish","4":"has-post-thumbnail","6":"product_cat-games","7":"product_cat-playstation","9":"first","10":"instock","11":"taxable","12":"shipping-taxable","13":"purchasable","14":"product-type-simple"},"_links":{"self":[{"href":"https:\/\/www.agropecuariaterrafertil.com.br\/index.php?rest_route=\/wp\/v2\/product\/456","targetHints":{"allow":["GET"]}}],"collection":[{"href":"https:\/\/www.agropecuariaterrafertil.com.br\/index.php?rest_route=\/wp\/v2\/product"}],"about":[{"href":"https:\/\/www.agropecuariaterrafertil.com.br\/index.php?rest_route=\/wp\/v2\/types\/product"}],"replies":[{"embeddable":true,"href":"https:\/\/www.agropecuariaterrafertil.com.br\/index.php?rest_route=%2Fwp%2Fv2%2Fcomments&post=456"}],"wp:featuredmedia":[{"embeddable":true,"href":"https:\/\/www.agropecuariaterrafertil.com.br\/index.php?rest_route=\/wp\/v2\/media\/457"}],"wp:attachment":[{"href":"https:\/\/www.agropecuariaterrafertil.com.br\/index.php?rest_route=%2Fwp%2Fv2%2Fmedia&parent=456"}],"wp:term":[{"taxonomy":"product_brand","embeddable":true,"href":"https:\/\/www.agropecuariaterrafertil.com.br\/index.php?rest_route=%2Fwp%2Fv2%2Fproduct_brand&post=456"},{"taxonomy":"product_cat","embeddable":true,"href":"https:\/\/www.agropecuariaterrafertil.com.br\/index.php?rest_route=%2Fwp%2Fv2%2Fproduct_cat&post=456"},{"taxonomy":"product_tag","embeddable":true,"href":"https:\/\/www.agropecuariaterrafertil.com.br\/index.php?rest_route=%2Fwp%2Fv2%2Fproduct_tag&post=456"}],"curies":[{"name":"wp","href":"https:\/\/api.w.org\/{rel}","templated":true}]}}